 572678213 prime?
True
Is 217256629789 a prime number?
True
Is 1395573643 prime?
False
Is 1773564961 prime?
False
Is 47703667693 a composite number?
True
Is 92356259 composite?
False
Is 11189923633 a prime number?
False
Is 5996923567 a composite number?
True
Is 391817485039 prime?
True
Is 3213058553 composite?
False
Is 580598049 a composite number?
True
Is 418314577 prime?
True
Is 1529131081 a prime number?
False
Is 834041963 a prime number?
True
Is 1340712937 a prime number?
True
Is 251770889 composite?
False
Is 857183953 a composite number?
False
Is 285174887 a composite number?
False
Is 804268923 composite?
True
Is 1142197109 composite?
False
Is 23952197 prime?
False
Is 10127404999 a composite number?
False
Is 130250171 composite?
False
Is 876774737 prime?
False
Is 50133103 a prime number?
False
Is 10010528707 a prime number?
True
Is 530317033 a composite number?
False
Is 258166847 a prime number?
True
Is 1519051151 a composite number?
False
Is 1340377001 prime?
False
Is 69252229231 prime?
False
Is 11695306319 a prime number?
True
Is 2510207111 a prime number?
False
Is 6227851537 a composite number?
False
Is 1630206601 prime?
True
Is 943149653 a composite number?
False
Is 430958543 a prime number?
True
Is 151704317 a prime number?
False
Is 3725044837 prime?
True
Is 11199735119 a composite number?
True
Is 5840971651 a composite number?
True
Is 149236234423 composite?
False
Is 6739113313 a prime number?
True
Is 6841395293 a prime number?
False
Is 1237924019 a composite number?
True
Is 733855217 a composite number?
False
Is 29156939993 prime?
True
Is 31692516377 prime?
True
Is 971048357 prime?
True
Is 769260113 a composite number?
True
Is 2304502633 composite?
False
Is 1943913163 composite?
False
Is 5629891009 a composite number?
True
Is 16549242431 composite?
False
Is 5652540487 a composite number?
True
Is 5701691869 a composite number?
True
Is 10078893901 a prime number?
True
Is 3587393893 a composite number?
False
Is 2018301631 a composite number?
True
Is 2519713649 a composite number?
True
Is 479479019 a prime number?
False
Is 1268108633 prime?
False
Is 361683029 composite?
True
Is 23642048239 composite?
True
Is 11897091163 prime?
True
Is 3216970717 a composite number?
False
Is 4866273943 a composite number?
False
Is 218657099 prime?
True
Is 86762865221 prime?
True
Is 1899770869 a composite number?
True
Is 6198591233 a prime number?
True
Is 10577001089 composite?
False
Is 272345620315 composite?
True
Is 718305409 composite?
True
Is 389260013 a composite number?
False
Is 4000716157 prime?
True
Is 14080919629 a prime number?
False
Is 738570851 a prime number?
False
Is 50258337257 prime?
True
Is 7178946963 a prime number?
False
Is 33498715163 prime?
False
Is 11726054473 prime?
False
Is 528306131 composite?
False
Is 62632133441 composite?
True
Is 5115757811 a composite number?
False
Is 60155245 a prime number?
False
Is 3471840201 composite?
True
Is 40992499787 a composite number?
True
Is 659419 prime?
True
Is 40853062859 prime?
False
Is 384874618 a prime number?
False
Is 14295518761 a composite number?
True
Is 247671657257 a prime number?
True
Is 21655967849 prime?
False
Is 14350333 composite?
True
Is 15223342601 prime?
True
Is 15735239591 prime?
False
Is 6302374318 composite?
True
Is 85018899751 a prime number?
False
Is 12108427181 prime?
False
Is 1393691903 composite?
False
Is 13360796441 a prime number?
True
Is 1996534489 prime?
False
Is 6135282487 composite?
True
Is 2047778107 a composite number?
True
Is 378316831 a composite number?
True
Is 8136970553 a composite number?
False
Is 1493798399 composite?
False
Is 1214281157 composite?
True
Is 1777211619 composite?
True
Is 335783717 a prime number?
True
Is 6163840297 a composite number?
True
Is 698179561 a composite number?
True
Is 25952807 a prime number?
False
Is 875365453 a prime number?
False
Is 76557962977 a composite number?
True
Is 7078016923 prime?
False
Is 5876293403 prime?
False
Is 39818797223 a prime number?
False
Is 1784977037 prime?
False
Is 4670437237 composite?
False
Is 820784711 composite?
True
Is 618940337 a prime number?
False
Is 2915666069 a composite number?
False
Is 419313361 a prime number?
True
Is 226763549 a prime number?
True
Is 17869534427 a composite number?
True
Is 39937396157 a prime number?
False
Is 107815137193 a composite number?
False
Is 14999262821 a composite number?
False
Is 280658429 a composite number?
False
Is 451736673 composite?
True
Is 194319869 a prime number?
False
Is 19300144763 prime?
True
Is 18167036917 prime?
True
Is 13123854269 prime?
True
Is 400265909 a prime number?
True
Is 1485284293 prime?
False
Is 3052477427 a prime number?
True
Is 3606002263 composite?
True
Is 9111347242 prime?
False
Is 103339367 composite?
False
Is 49499477441 a prime number?
True
Is 4829038631 prime?
True
Is 10944587 a composite number?
False
Is 197587759 a prime number?
False
Is 601120193 a prime number?
False
Is 2076737939 a prime number?
True
Is 31074874601 composite?
False
Is 1355792677 a composite number?
False
Is 11224290431 prime?
True
Is 475365053 composite?
False
Is 45048724289 prime?
True
Is 36576212399 a composite number?
True
Is 749460677 a prime number?
False
Is 238450594 a composite number?
True
Is 126857425463 composite?
False
Is 12004212982 a prime number?
False
Is 526665499 a composite number?
True
Is 23244501403 composite?
True
Is 975296551 composite?
True
Is 1376567719 composite?
True
Is 13676114833 composite?
True
Is 125531533 prime?
True
Is 38390618437 a composite number?
False
Is 2557291469 prime?
True
Is 1047067733 a composite number?
True
Is 2508160267 prime?
True
Is 1775318015 a prime number?
False
Is 55272899159 prime?
True
Is 6015369169 prime?
False
Is 17157543577 a composite number?
False
Is 9543293831 prime?
True
Is 14423359169 a prime number?
True
Is 2908291121 composite?
False
Is 819770701 prime?
True
Is 4890757243 prime?
True
Is 2719805707 a composite number?
True
Is 6646515157 prime?
True
Is 68336730557 prime?
True
Is 1268176453 a composite number?
True
Is 14413995857 composite?
True
Is 16727044627 a composite number?
True
Is 10518056491 composite?
False
Is 23239532503 prime?
False
Is 22488941543 a prime number?
True
Is 16268948347 composite?
False
Is 33696572339 a composite number?
False
Is 22092826331 prime?
False
Is 31646246831 composite?
False
Is 1003568231 prime?
True
Is 18642528173 a prime number?
True
Is 6691290563 a prime number?
True
Is 9238383853 prime?
True
Is 3155017627 a prime number?
True
Is 4595490463 a composite number?
True
Is 4070025073 a prime number?
False
Is 838952921 a prime number?
True
Is 1423275809 a composite number?
False
Is 19878011687 composite?
False
Is 2656302427 prime?
False
Is 1862833591 prime?
True
Is 17913094729 a prime number?
True
Is 148751839 prime?
False
Is 78335856169 composite?
True
Is 26368448233 prime?
False
Is 13668311 a prime number?
True
Is 22316406601 prime?
True
Is 44476291 prime?
True
Is 5447870113 prime?
False
Is 3003618977 a composite number?
False
Is 15278979077 composite?
False
Is 1936550029 composite?
True
Is 14389162691 a prime number?
True
Is 158140409543 a prime number?
True
Is 1325596793 prime?
False
Is 1904190479 a prime number?
False
Is 43082350019 a composite number?
True
Is 433603171 composite?
True
Is 633724139 a prime number?
True
Is 3105897133 a composite number?
False
Is 67752163127 a prime number?
False
Is 208855371 a composite number?
True
Is 2038226261 a composite number?
True
Is 2421678013 a composite number?
False
Is 1962352771 a prime number?
True
Is 375860127 a prime number?
False
Is 1350119999 composite?
True
Is 32783191039 a composite number?
False
Is 2522577767 a prime number?
False
Is 408665171 a composite number?
True
Is 3623005051 prime?
True
Is 38660377 composite?
True
Is 132279793 composite?
False
Is 901855733 prime?
False
Is 12364368347 composite?
False
Is 1078179001 a composite number?
True
Is 2822579041 composite?
True
Is 31534216661 composite?
True
Is 5365346651 composite?
True
Is 238999907 a composite number?
False
Is 164568351 a prime number?
False
Is 122364759779 composite?
True
Is 2620028413 prime?
False
Is 2404059649 composite?
False
Is 88721578871 prime?
True
Is 242831971847 a prime number?
False
Is 10245390401 a composite number?
False
Is 390